{"id":605,"date":"2020-06-25T21:56:50","date_gmt":"2020-06-26T01:56:50","guid":{"rendered":"https:\/\/serviciosnae.com.ve\/?page_id=605"},"modified":"2023-01-10T09:20:43","modified_gmt":"2023-01-10T13:20:43","slug":"herramientas-de-inversion","status":"publish","type":"page","link":"https:\/\/nauvemix.com\/rrpp\/herramientas-de-inversion\/","title":{"rendered":"Herramientas de Inversi\u00f3n"},"content":{"rendered":"\n<div class=\"wp-block-columns is-layout-flex wp-container-core-columns-is-layout-28f84493 wp-block-columns-is-layout-flex\">\n<div class=\"wp-block-column is-layout-flow wp-block-column-is-layout-flow\">\n<h5 class=\"has-text-align-center wp-block-heading\">Instrumentos financieros.<\/h5>\n\n\n\n<p>Tarjetas y cuentas bancarias internacionales sin salir de su casa u oficina. Retire en cajeros autom\u00e1ticos en m\u00e1s de 190 pa\u00edses, compre en l\u00ednea desde su pa\u00eds.<\/p>\n<\/div>\n\n\n\n<div class=\"wp-block-column is-layout-flow wp-block-column-is-layout-flow\">\n<h5 class=\"has-text-align-center wp-block-heading\">Procesadores de Pagos<\/h5>\n\n\n\n<p>Compre y venda en cualquier parte del mundo, a la distancia de un click. Ofrezca seguridad a sus clientes, reciba sus pagos de manera inmediata con nuestro servicio e-commerce.<\/p>\n<\/div>\n\n\n\n<div class=\"wp-block-column is-layout-flow wp-block-column-is-layout-flow\">\n<h5 class=\"has-text-align-center wp-block-heading\">Criptomonedas<\/h5>\n\n\n\n<p>La rentabilidad mediante criptodivisas a su alcance. Compre, invierta en el mercado, aumente sus activos, con seguridad y privacidad.<\/p>\n<\/div>\n<\/div>\n\n\n\n<div style=\"height:35px\" aria-hidden=\"true\" class=\"wp-block-spacer\"><\/div>\n\n\n\n<div class=\"wp-block-buttons is-content-justification-center is-layout-flex wp-container-core-buttons-is-layout-a89b3969 wp-block-buttons-is-layout-flex\">\n<div class=\"wp-block-button\"><a class=\"wp-block-button__link has-very-dark-gray-background-color has-background wp-element-button\" href=\"https:\/\/chat.whatsapp.com\/LHofyvGbehcJOngvmC47nn\" style=\"border-radius:10px\" target=\"_blank\" rel=\"noreferrer noopener\">Comienza ahora!<\/a><\/div>\n<\/div>\n\n\n\n<div style=\"height:20px\" aria-hidden=\"true\" class=\"wp-block-spacer\"><\/div>\n\n\n\n<h2 class=\"wp-block-heading\">SERVICIOS ONLINE<\/h2>\n\n\n\n<p>Los avances tecnol\u00f3gicos y la protecci\u00f3n en l\u00ednea ha invadido los mercados, ahora simplemente desde la comodidad de su hogar u oficina tenga acceso a innumerables productos y servicios, las finanzas van adelante y ganando adeptos.<\/p>\n\n\n\n<div style=\"height:20px\" aria-hidden=\"true\" class=\"wp-block-spacer\"><\/div>\n\n\n\n<div class=\"wp-block-media-text alignwide is-stacked-on-mobile\" style=\"grid-template-columns:41% auto\"><figure class=\"wp-block-media-text__media\"><a href=\"http:\/\/share.payoneer.com\/nav\/eVuTL9FnVCXDnvUjOehaNd9MspVXwT_j-N0DdQvxqTjazOXKIJYCtBBsUw-14nUJQXIsNgqwZBwOwfDhh8YyBw2\" target=\"_blank\" rel=\"noopener noreferrer\"><img loading=\"lazy\" decoding=\"async\" width=\"1024\" height=\"576\" src=\"https:\/\/nauvemix.com\/rrpp\/wp-content\/uploads\/tdc2-1-1024x576.jpg\" alt=\"Tarjeta virtual\" class=\"wp-image-898 size-full\" srcset=\"https:\/\/nauvemix.com\/rrpp\/wp-content\/uploads\/tdc2-1-1024x576.jpg 1024w, https:\/\/nauvemix.com\/rrpp\/wp-content\/uploads\/tdc2-1-300x169.jpg 300w, https:\/\/nauvemix.com\/rrpp\/wp-content\/uploads\/tdc2-1-768x432.jpg 768w, https:\/\/nauvemix.com\/rrpp\/wp-content\/uploads\/tdc2-1-1536x864.jpg 1536w, https:\/\/nauvemix.com\/rrpp\/wp-content\/uploads\/tdc2-1.jpg 1920w\" sizes=\"auto, (max-width: 1024px) 100vw, 1024px\" \/><\/a><\/figure><div class=\"wp-block-media-text__content\">\n<h5 class=\"wp-block-heading\">Tarjetas de Cr\u00e9dito Prepagadas<\/h5>\n\n\n\n<h3 class=\"wp-block-heading\">Caracter\u00edsticas y beneficios<\/h3>\n\n\n\n<p>Ahora con mayor seguridad, no tendr\u00e1 que pagar altos costos por emisi\u00f3n de tarjetas de cr\u00e9dito, incluyendo Venezuela. Podr\u00e1 disponer de c\u00f3digo de seguridad, estados de cuenta y la validez de su tarjeta de cr\u00e9dito virtual o pl\u00e1stica en Venezuela.<\/p>\n\n\n\n<p>Confirme y verifique cuentas Paypal, Amazon y muchos m\u00e1s con solo su tarjeta de cr\u00e9dito prepagada, solic\u00edtelas en USD, EUR y pague en Bs. <\/p>\n\n\n\n<div class=\"wp-block-columns is-layout-flex wp-container-core-columns-is-layout-28f84493 wp-block-columns-is-layout-flex\">\n<div class=\"wp-block-column is-layout-flow wp-block-column-is-layout-flow\">\n<h6 class=\"wp-block-heading\">SEGURIDAD<\/h6>\n\n\n\n<h6 class=\"wp-block-heading\">S\u00f3lidas Tarjetas Visa y MasterCard garantizan la confiabilidad y protecci\u00f3n de sus datos.<\/h6>\n<\/div>\n\n\n\n<div class=\"wp-block-column is-layout-flow wp-block-column-is-layout-flow\">\n<h6 class=\"wp-block-heading\">DISPONIBILIDAD<\/h6>\n\n\n\n<h6 class=\"wp-block-heading\">Tarjetas virtuales y pl\u00e1sticas con los mayores beneficios y sin poner en peligro su capacidad de compra.<\/h6>\n<\/div>\n<\/div>\n\n\n\n<div class=\"wp-block-buttons is-content-justification-center is-layout-flex wp-container-core-buttons-is-layout-a89b3969 wp-block-buttons-is-layout-flex\">\n<div class=\"wp-block-button is-style-outline is-style-outline--2\"><a class=\"wp-block-button__link wp-element-button\" href=\"https:\/\/nauvemix.com\/rrpp\/tarjeta-de-credito-virtual-prepagada-venezuela\/\" style=\"border-radius:5px\" rel=\"\"><strong>Tarjetas disponibles<\/strong><\/a><\/div>\n<\/div>\n<\/div><\/div>\n\n\n\n<div style=\"height:20px\" aria-hidden=\"true\" class=\"wp-block-spacer\"><\/div>\n\n\n\n<div style=\"height:20px\" aria-hidden=\"true\" class=\"wp-block-spacer\"><\/div>\n\n\n\n<div class=\"wp-block-media-text alignwide is-stacked-on-mobile\" style=\"grid-template-columns:41% auto\"><figure class=\"wp-block-media-text__media\"><a href=\"https:\/\/payeer.com\/?partner=796569\" target=\"_blank\" rel=\"noopener noreferrer\"><img loading=\"lazy\" decoding=\"async\" width=\"1024\" height=\"576\" src=\"https:\/\/nauvemix.com\/rrpp\/wp-content\/uploads\/procesadores-1024x576.jpg\" alt=\"Procesadores\" class=\"wp-image-1133 size-full\" srcset=\"https:\/\/nauvemix.com\/rrpp\/wp-content\/uploads\/procesadores-1024x576.jpg 1024w, https:\/\/nauvemix.com\/rrpp\/wp-content\/uploads\/procesadores-300x169.jpg 300w, https:\/\/nauvemix.com\/rrpp\/wp-content\/uploads\/procesadores-768x432.jpg 768w, https:\/\/nauvemix.com\/rrpp\/wp-content\/uploads\/procesadores.jpg 1280w\" sizes=\"auto, (max-width: 1024px) 100vw, 1024px\" \/><\/a><\/figure><div class=\"wp-block-media-text__content\">\n<h5 class=\"wp-block-heading\">Procesadores de Pago<\/h5>\n\n\n\n<h3 class=\"wp-block-heading\">Caracter\u00edsticas y beneficios<\/h3>\n\n\n\n<p>Enviar y recibir dinero online por compra y venta de productos y servicios ya es parte del comercio electr\u00f3nico moderno. Estos procesadores est\u00e1n en capacidad de recibir y enviar de manera segura sus transacciones comerciales.<\/p>\n\n\n\n<p>En NAE, no necesitas procesar tus operaciones en moneda extranjera. Utilizamos nuestros procesadores de compras y sistemas de pago seguro tambi\u00e9n en Bs.<\/p>\n\n\n\n<div class=\"wp-block-columns is-layout-flex wp-container-core-columns-is-layout-28f84493 wp-block-columns-is-layout-flex\">\n<div class=\"wp-block-column is-layout-flow wp-block-column-is-layout-flow\">\n<h6 class=\"wp-block-heading\">RAPIDEZ<\/h6>\n\n\n\n<h6 class=\"wp-block-heading\">Operaciones de compras y transacciones inmediatas en cualquier moneda Fiat electr\u00f3nica.<\/h6>\n<\/div>\n\n\n\n<div class=\"wp-block-column is-layout-flow wp-block-column-is-layout-flow\">\n<h6 class=\"wp-block-heading\">M\u00cdNIMAS COMISIONES<\/h6>\n\n\n\n<h6 class=\"wp-block-heading\">Las utilizadas por los procesadores m\u00e1s confiables y con comisiones m\u00e1s bajas.<\/h6>\n<\/div>\n<\/div>\n\n\n\n<div class=\"wp-block-buttons is-content-justification-center is-layout-flex wp-container-core-buttons-is-layout-a89b3969 wp-block-buttons-is-layout-flex\">\n<div class=\"wp-block-button is-style-outline is-style-outline--3\"><a class=\"wp-block-button__link has-very-dark-gray-color has-very-light-gray-background-color has-text-color has-background wp-element-button\" href=\"https:\/\/nauvemix.com\/rrpp\/procesadores-de-pago\/\" style=\"border-radius:4px\"><strong>Procesadores Recomendados<\/strong><\/a><\/div>\n<\/div>\n<\/div><\/div>\n\n\n\n<div style=\"height:20px\" aria-hidden=\"true\" class=\"wp-block-spacer\"><\/div>\n\n\n\n<div class=\"wp-block-media-text alignwide is-stacked-on-mobile\" style=\"grid-template-columns:41% auto\"><figure class=\"wp-block-media-text__media\"><a href=\"https:\/\/bit.ly\/2Vyg2oA\" target=\"_blank\" rel=\"noopener noreferrer\"><img loading=\"lazy\" decoding=\"async\" width=\"1024\" height=\"576\" src=\"https:\/\/nauvemix.com\/rrpp\/wp-content\/uploads\/trading-1024x576.jpg\" alt=\"Trading\" class=\"wp-image-900 size-full\" srcset=\"https:\/\/nauvemix.com\/rrpp\/wp-content\/uploads\/trading-1024x576.jpg 1024w, https:\/\/nauvemix.com\/rrpp\/wp-content\/uploads\/trading-300x169.jpg 300w, https:\/\/nauvemix.com\/rrpp\/wp-content\/uploads\/trading-768x432.jpg 768w, https:\/\/nauvemix.com\/rrpp\/wp-content\/uploads\/trading-1536x864.jpg 1536w, https:\/\/nauvemix.com\/rrpp\/wp-content\/uploads\/trading.jpg 1920w\" sizes=\"auto, (max-width: 1024px) 100vw, 1024px\" \/><\/a><\/figure><div class=\"wp-block-media-text__content\">\n<h5 class=\"wp-block-heading\">Mercados Financieros e Inversi\u00f3n<\/h5>\n\n\n\n<h3 class=\"wp-block-heading\">Caracter\u00edsticas y beneficios<\/h3>\n\n\n\n<p>Estos mercados de&nbsp;<strong>capitales, forex y valores<\/strong>&nbsp; permiten y  facilitan la inversi\u00f3n para conducirla hacia actividades m\u00e1s productivas y al desarrollo de proyectos de mayor tama\u00f1o e innovaci\u00f3n.<\/p>\n\n\n\n<p>Negocian valores financieros tanto a nivel nacional como global. Se compran y venden esos valores con el objetivo de lograr ganancias mientras se intenta limitar los riesgos.<\/p>\n\n\n\n<div class=\"wp-block-columns is-layout-flex wp-container-core-columns-is-layout-28f84493 wp-block-columns-is-layout-flex\">\n<div class=\"wp-block-column is-layout-flow wp-block-column-is-layout-flow\">\n<h6 class=\"wp-block-heading\">ALCANCE<\/h6>\n\n\n\n<h6 class=\"wp-block-heading\">Tecnolog\u00edas avanzadas, amplios instrumentos y mejor acceso a los mercados financieros.<\/h6>\n\n\n\n<p><\/p>\n<\/div>\n\n\n\n<div class=\"wp-block-column is-layout-flow wp-block-column-is-layout-flow\">\n<h6 class=\"wp-block-heading\">FLEXIBILIDAD<\/h6>\n\n\n\n<h6 class=\"wp-block-heading\">Precios establecidos en en funci\u00f3n de la oferta y la demanda del mercado internacional, europeo y asi\u00e1tico.<\/h6>\n<\/div>\n<\/div>\n\n\n\n<div class=\"wp-block-buttons is-layout-flex wp-block-buttons-is-layout-flex\">\n<div class=\"wp-block-button aligncenter is-style-outline is-style-outline--4\"><a class=\"wp-block-button__link has-very-dark-gray-color has-very-light-gray-background-color has-text-color has-background wp-element-button\" href=\"https:\/\/bit.ly\/2Vyg2oA\" style=\"border-radius:4px\" target=\"_blank\" rel=\"noreferrer noopener\"><strong>Registro de Prueba<\/strong><\/a><\/div>\n<\/div>\n\n\n\n<p><\/p>\n<\/div><\/div>\n\n\n\n<h3 class=\"has-text-align-center wp-block-heading\">POL\u00cdTICA DE SEGURIDAD<\/h3>\n\n\n\n<p class=\"has-text-align-center\">NAE no es parte de ninguna instituci\u00f3n financiera, por ello bajo sus servicios, brinda asistencia t\u00e9cnica a personas y negocios que deseen obtener servicios de vanguardia con total seguridad desde su pa\u00eds, evitando demoras con un servicio presto a mantenerlos informados.<\/p>\n\n\n\n<p class=\"has-text-align-center\">Cualquier servicio correspondiente a Inversiones y Finanzas en nuestro Site es solo sugerencias y no es obligaci\u00f3n de las partes, salvo lo dispuesto por responsabilidades amparadas por legislaciones vigentes.<\/p>\n\n\n\n<p class=\"has-text-align-center\">En nuestro Site encontrar\u00e1 m\u00e1s detalles, tarjetas y procesadores que puede utilizar desde cualquier pa\u00eds, d\u00e9jenos sus comentarios y as\u00ed podremos actualizar nuestros productos y servicios.<\/p>\n\n\n\n<div style=\"height:20px\" aria-hidden=\"true\" class=\"wp-block-spacer\"><\/div>\n\n\n\n<div class=\"wp-block-group is-layout-flow wp-block-group-is-layout-flow\">\n<div class=\"wp-block-group is-layout-flow wp-block-group-is-layout-flow\"><\/div>\n<\/div>\n\n\n\n<div class=\"wp-block-buttons is-content-justification-center is-layout-flex wp-container-core-buttons-is-layout-a89b3969 wp-block-buttons-is-layout-flex\">\n<div class=\"wp-block-button\"><a class=\"wp-block-button__link has-very-dark-gray-background-color has-background wp-element-button\" href=\"https:\/\/t.me\/joinchat\/GQx7xkvAhA7ktdH-xEJ89A\" style=\"border-radius:10px\" target=\"_blank\" rel=\"noreferrer noopener\">Telegram<\/a><\/div>\n<\/div>\n\n\n\n<p><\/p>\n","protected":false},"excerpt":{"rendered":"<p>Instrumentos financieros. Tarjetas y cuentas bancarias internacionales sin salir de su casa u oficina. Retire en cajeros autom\u00e1ticos en m\u00e1s de 190 pa\u00edses, compre en l\u00ednea desde su pa\u00eds. Procesadores de Pagos Compre y venda en cualquier parte del mundo, a la distancia de un click. Ofrezca seguridad a sus clientes, reciba sus pagos de [&hellip;]<\/p>\n","protected":false},"author":1,"featured_media":895,"parent":0,"menu_order":0,"comment_status":"closed","ping_status":"closed","template":"","meta":{"footnotes":""},"class_list":["post-605","page","type-page","status-publish","has-post-thumbnail","hentry"],"blocksy_meta":{"styles_descriptor":{"styles":{"desktop":"","tablet":"","mobile":""},"google_fonts":[],"version":6}},"yoast_head":"<!-- This site is optimized with the Yoast SEO plugin v27.4 - https:\/\/yoast.com\/product\/yoast-seo-wordpress\/ -->\n<title>NAUVEMIX Intelligent solutions - Herramientas de Inversi\u00f3n<\/title>\n<meta name=\"description\" content=\"La rentabilidad mediante criptodivisas a su alcance. Compre, invierta en el mercado, aumente sus activos, con seguridad y privacidad\" \/>\n<meta name=\"robots\" content=\"index, follow, max-snippet:-1, max-image-preview:large, max-video-preview:-1\" \/>\n<link rel=\"canonical\" href=\"https:\/\/nauvemix.com\/rrpp\/herramientas-de-inversion\/\" \/>\n<meta property=\"og:locale\" content=\"es_ES\" \/>\n<meta property=\"og:type\" content=\"article\" \/>\n<meta property=\"og:title\" content=\"NAUVEMIX Intelligent solutions - Herramientas de Inversi\u00f3n\" \/>\n<meta property=\"og:description\" content=\"La rentabilidad mediante criptodivisas a su alcance. Compre, invierta en el mercado, aumente sus activos, con seguridad y privacidad\" \/>\n<meta property=\"og:url\" content=\"https:\/\/nauvemix.com\/rrpp\/herramientas-de-inversion\/\" \/>\n<meta property=\"og:site_name\" content=\"NAUVEMIX Intelligent solutions\" \/>\n<meta property=\"article:modified_time\" content=\"2023-01-10T13:20:43+00:00\" \/>\n<meta property=\"og:image\" content=\"https:\/\/nauvemix.com\/rrpp\/wp-content\/uploads\/support4.jpg\" \/>\n\t<meta property=\"og:image:width\" content=\"1920\" \/>\n\t<meta property=\"og:image:height\" content=\"1080\" \/>\n\t<meta property=\"og:image:type\" content=\"image\/jpeg\" \/>\n<meta name=\"twitter:card\" content=\"summary_large_image\" \/>\n<meta name=\"twitter:label1\" content=\"Tiempo de lectura\" \/>\n\t<meta name=\"twitter:data1\" content=\"3 minutos\" \/>\n<script type=\"application\/ld+json\" class=\"yoast-schema-graph\">{\"@context\":\"https:\\\/\\\/schema.org\",\"@graph\":[{\"@type\":\"WebPage\",\"@id\":\"https:\\\/\\\/nauvemix.com\\\/rrpp\\\/herramientas-de-inversion\\\/\",\"url\":\"https:\\\/\\\/nauvemix.com\\\/rrpp\\\/herramientas-de-inversion\\\/\",\"name\":\"NAUVEMIX Intelligent solutions - Herramientas de Inversi\u00f3n\",\"isPartOf\":{\"@id\":\"https:\\\/\\\/nauvemix.com\\\/rrpp\\\/#website\"},\"primaryImageOfPage\":{\"@id\":\"https:\\\/\\\/nauvemix.com\\\/rrpp\\\/herramientas-de-inversion\\\/#primaryimage\"},\"image\":{\"@id\":\"https:\\\/\\\/nauvemix.com\\\/rrpp\\\/herramientas-de-inversion\\\/#primaryimage\"},\"thumbnailUrl\":\"https:\\\/\\\/nauvemix.com\\\/rrpp\\\/wp-content\\\/uploads\\\/support4.jpg\",\"datePublished\":\"2020-06-26T01:56:50+00:00\",\"dateModified\":\"2023-01-10T13:20:43+00:00\",\"description\":\"La rentabilidad mediante criptodivisas a su alcance. Compre, invierta en el mercado, aumente sus activos, con seguridad y privacidad\",\"breadcrumb\":{\"@id\":\"https:\\\/\\\/nauvemix.com\\\/rrpp\\\/herramientas-de-inversion\\\/#breadcrumb\"},\"inLanguage\":\"es\",\"potentialAction\":[{\"@type\":\"ReadAction\",\"target\":[\"https:\\\/\\\/nauvemix.com\\\/rrpp\\\/herramientas-de-inversion\\\/\"]}]},{\"@type\":\"ImageObject\",\"inLanguage\":\"es\",\"@id\":\"https:\\\/\\\/nauvemix.com\\\/rrpp\\\/herramientas-de-inversion\\\/#primaryimage\",\"url\":\"https:\\\/\\\/nauvemix.com\\\/rrpp\\\/wp-content\\\/uploads\\\/support4.jpg\",\"contentUrl\":\"https:\\\/\\\/nauvemix.com\\\/rrpp\\\/wp-content\\\/uploads\\\/support4.jpg\",\"width\":1920,\"height\":1080},{\"@type\":\"BreadcrumbList\",\"@id\":\"https:\\\/\\\/nauvemix.com\\\/rrpp\\\/herramientas-de-inversion\\\/#breadcrumb\",\"itemListElement\":[{\"@type\":\"ListItem\",\"position\":1,\"name\":\"Portada\",\"item\":\"https:\\\/\\\/nauvemix.com\\\/rrpp\\\/\"},{\"@type\":\"ListItem\",\"position\":2,\"name\":\"Herramientas de Inversi\u00f3n\"}]},{\"@type\":\"WebSite\",\"@id\":\"https:\\\/\\\/nauvemix.com\\\/rrpp\\\/#website\",\"url\":\"https:\\\/\\\/nauvemix.com\\\/rrpp\\\/\",\"name\":\"NAUVEMIX\",\"description\":\"\",\"publisher\":{\"@id\":\"https:\\\/\\\/nauvemix.com\\\/rrpp\\\/#\\\/schema\\\/person\\\/9168ad5e1c79786216aabf940fcedfc9\"},\"alternateName\":\"NAE\",\"potentialAction\":[{\"@type\":\"SearchAction\",\"target\":{\"@type\":\"EntryPoint\",\"urlTemplate\":\"https:\\\/\\\/nauvemix.com\\\/rrpp\\\/?s={search_term_string}\"},\"query-input\":{\"@type\":\"PropertyValueSpecification\",\"valueRequired\":true,\"valueName\":\"search_term_string\"}}],\"inLanguage\":\"es\"},{\"@type\":[\"Person\",\"Organization\"],\"@id\":\"https:\\\/\\\/nauvemix.com\\\/rrpp\\\/#\\\/schema\\\/person\\\/9168ad5e1c79786216aabf940fcedfc9\",\"name\":\"NAUVEMIX\",\"image\":{\"@type\":\"ImageObject\",\"inLanguage\":\"es\",\"@id\":\"https:\\\/\\\/nauvemix.com\\\/rrpp\\\/wp-content\\\/uploads\\\/logo-barra-150.png\",\"url\":\"https:\\\/\\\/nauvemix.com\\\/rrpp\\\/wp-content\\\/uploads\\\/logo-barra-150.png\",\"contentUrl\":\"https:\\\/\\\/nauvemix.com\\\/rrpp\\\/wp-content\\\/uploads\\\/logo-barra-150.png\",\"width\":146,\"height\":70,\"caption\":\"NAUVEMIX\"},\"logo\":{\"@id\":\"https:\\\/\\\/nauvemix.com\\\/rrpp\\\/wp-content\\\/uploads\\\/logo-barra-150.png\"},\"sameAs\":[\"http:\\\/\\\/nauvemix.com\\\/rrpp\",\"https:\\\/\\\/www.instagram.com\\\/serviciosnae\",\"https:\\\/\\\/www.youtube.com\\\/channel\\\/UC-NvCsXlJpHGkuY0noDtZoA\"]}]}<\/script>\n<!-- \/ Yoast SEO plugin. -->","yoast_head_json":{"title":"NAUVEMIX Intelligent solutions - Herramientas de Inversi\u00f3n","description":"La rentabilidad mediante criptodivisas a su alcance. Compre, invierta en el mercado, aumente sus activos, con seguridad y privacidad","robots":{"index":"index","follow":"follow","max-snippet":"max-snippet:-1","max-image-preview":"max-image-preview:large","max-video-preview":"max-video-preview:-1"},"canonical":"https:\/\/nauvemix.com\/rrpp\/herramientas-de-inversion\/","og_locale":"es_ES","og_type":"article","og_title":"NAUVEMIX Intelligent solutions - Herramientas de Inversi\u00f3n","og_description":"La rentabilidad mediante criptodivisas a su alcance. Compre, invierta en el mercado, aumente sus activos, con seguridad y privacidad","og_url":"https:\/\/nauvemix.com\/rrpp\/herramientas-de-inversion\/","og_site_name":"NAUVEMIX Intelligent solutions","article_modified_time":"2023-01-10T13:20:43+00:00","og_image":[{"width":1920,"height":1080,"url":"https:\/\/nauvemix.com\/rrpp\/wp-content\/uploads\/support4.jpg","type":"image\/jpeg"}],"twitter_card":"summary_large_image","twitter_misc":{"Tiempo de lectura":"3 minutos"},"schema":{"@context":"https:\/\/schema.org","@graph":[{"@type":"WebPage","@id":"https:\/\/nauvemix.com\/rrpp\/herramientas-de-inversion\/","url":"https:\/\/nauvemix.com\/rrpp\/herramientas-de-inversion\/","name":"NAUVEMIX Intelligent solutions - Herramientas de Inversi\u00f3n","isPartOf":{"@id":"https:\/\/nauvemix.com\/rrpp\/#website"},"primaryImageOfPage":{"@id":"https:\/\/nauvemix.com\/rrpp\/herramientas-de-inversion\/#primaryimage"},"image":{"@id":"https:\/\/nauvemix.com\/rrpp\/herramientas-de-inversion\/#primaryimage"},"thumbnailUrl":"https:\/\/nauvemix.com\/rrpp\/wp-content\/uploads\/support4.jpg","datePublished":"2020-06-26T01:56:50+00:00","dateModified":"2023-01-10T13:20:43+00:00","description":"La rentabilidad mediante criptodivisas a su alcance. Compre, invierta en el mercado, aumente sus activos, con seguridad y privacidad","breadcrumb":{"@id":"https:\/\/nauvemix.com\/rrpp\/herramientas-de-inversion\/#breadcrumb"},"inLanguage":"es","potentialAction":[{"@type":"ReadAction","target":["https:\/\/nauvemix.com\/rrpp\/herramientas-de-inversion\/"]}]},{"@type":"ImageObject","inLanguage":"es","@id":"https:\/\/nauvemix.com\/rrpp\/herramientas-de-inversion\/#primaryimage","url":"https:\/\/nauvemix.com\/rrpp\/wp-content\/uploads\/support4.jpg","contentUrl":"https:\/\/nauvemix.com\/rrpp\/wp-content\/uploads\/support4.jpg","width":1920,"height":1080},{"@type":"BreadcrumbList","@id":"https:\/\/nauvemix.com\/rrpp\/herramientas-de-inversion\/#breadcrumb","itemListElement":[{"@type":"ListItem","position":1,"name":"Portada","item":"https:\/\/nauvemix.com\/rrpp\/"},{"@type":"ListItem","position":2,"name":"Herramientas de Inversi\u00f3n"}]},{"@type":"WebSite","@id":"https:\/\/nauvemix.com\/rrpp\/#website","url":"https:\/\/nauvemix.com\/rrpp\/","name":"NAUVEMIX","description":"","publisher":{"@id":"https:\/\/nauvemix.com\/rrpp\/#\/schema\/person\/9168ad5e1c79786216aabf940fcedfc9"},"alternateName":"NAE","potentialAction":[{"@type":"SearchAction","target":{"@type":"EntryPoint","urlTemplate":"https:\/\/nauvemix.com\/rrpp\/?s={search_term_string}"},"query-input":{"@type":"PropertyValueSpecification","valueRequired":true,"valueName":"search_term_string"}}],"inLanguage":"es"},{"@type":["Person","Organization"],"@id":"https:\/\/nauvemix.com\/rrpp\/#\/schema\/person\/9168ad5e1c79786216aabf940fcedfc9","name":"NAUVEMIX","image":{"@type":"ImageObject","inLanguage":"es","@id":"https:\/\/nauvemix.com\/rrpp\/wp-content\/uploads\/logo-barra-150.png","url":"https:\/\/nauvemix.com\/rrpp\/wp-content\/uploads\/logo-barra-150.png","contentUrl":"https:\/\/nauvemix.com\/rrpp\/wp-content\/uploads\/logo-barra-150.png","width":146,"height":70,"caption":"NAUVEMIX"},"logo":{"@id":"https:\/\/nauvemix.com\/rrpp\/wp-content\/uploads\/logo-barra-150.png"},"sameAs":["http:\/\/nauvemix.com\/rrpp","https:\/\/www.instagram.com\/serviciosnae","https:\/\/www.youtube.com\/channel\/UC-NvCsXlJpHGkuY0noDtZoA"]}]}},"_links":{"self":[{"href":"https:\/\/nauvemix.com\/rrpp\/wp-json\/wp\/v2\/pages\/605","targetHints":{"allow":["GET"]}}],"collection":[{"href":"https:\/\/nauvemix.com\/rrpp\/wp-json\/wp\/v2\/pages"}],"about":[{"href":"https:\/\/nauvemix.com\/rrpp\/wp-json\/wp\/v2\/types\/page"}],"author":[{"embeddable":true,"href":"https:\/\/nauvemix.com\/rrpp\/wp-json\/wp\/v2\/users\/1"}],"replies":[{"embeddable":true,"href":"https:\/\/nauvemix.com\/rrpp\/wp-json\/wp\/v2\/comments?post=605"}],"version-history":[{"count":3,"href":"https:\/\/nauvemix.com\/rrpp\/wp-json\/wp\/v2\/pages\/605\/revisions"}],"predecessor-version":[{"id":1780,"href":"https:\/\/nauvemix.com\/rrpp\/wp-json\/wp\/v2\/pages\/605\/revisions\/1780"}],"wp:featuredmedia":[{"embeddable":true,"href":"https:\/\/nauvemix.com\/rrpp\/wp-json\/wp\/v2\/media\/895"}],"wp:attachment":[{"href":"https:\/\/nauvemix.com\/rrpp\/wp-json\/wp\/v2\/media?parent=605"}],"curies":[{"name":"wp","href":"https:\/\/api.w.org\/{rel}","templated":true}]}}