{"id":1912,"date":"2020-06-25T08:54:04","date_gmt":"2020-06-25T12:54:04","guid":{"rendered":"https:\/\/nauvemix.com\/rrpp\/?page_id=1912"},"modified":"2026-03-31T19:48:04","modified_gmt":"2026-03-31T23:48:04","slug":"companies","status":"publish","type":"page","link":"https:\/\/nauvemix.com\/rrpp\/en\/companies\/","title":{"rendered":"Companies"},"content":{"rendered":"\n<h3 class=\"wp-block-heading\">Applicable to all types of business planning, retail, web, corporations, offices, and personal businesses.<\/h3>\n\n\n\n<p>Understanding its clients&#8217; needs, NAE markets new resources that bolster corporate success through innovative ideas, methods, and structures. Additionally, we provide new products and services that serve as the primary drivers of organizational and economic growth.<\/p>\n\n\n\n<div class=\"wp-block-buttons is-content-justification-center is-layout-flex wp-container-core-buttons-is-layout-a89b3969 wp-block-buttons-is-layout-flex\">\n<div class=\"wp-block-button\"><a class=\"wp-block-button__link has-very-dark-gray-background-color has-background wp-element-button\" href=\"https:\/\/chat.whatsapp.com\/LHofyvGbehcJOngvmC47nn\" style=\"border-radius:10px\" target=\"_blank\" rel=\"noreferrer noopener\">Ready to start?<\/a><\/div>\n<\/div>\n\n\n\n<h3 class=\"wp-block-heading has-text-align-center\">SERVICES FOR COMPANIES AND BUSINESSES<\/h3>\n\n\n\n<p>In a world where customer needs are increasingly sophisticated, innovation, creativity, and strategy have become fundamental to corporate growth and prosperity, recognized as a vital source of competitive advantage.<\/p>\n\n\n\n<h3 class=\"wp-block-heading has-text-align-center\">Programming and Systems<\/h3>\n\n\n\n<h5 class=\"wp-block-heading\">Features and Benefits<\/h5>\n\n\n\n<p>Layout, design, and up-to-date programming across diverse systems and languages. We specialize in the development and maintenance of both low and high-performance software and programs.<\/p>\n\n\n\n<div class=\"wp-block-columns is-layout-flex wp-container-core-columns-is-layout-28f84493 wp-block-columns-is-layout-flex\">\n<div class=\"wp-block-column is-layout-flow wp-block-column-is-layout-flow\">\n<ul class=\"wp-block-list\">\n<li>Databases: PostgreSQL, MySQL, SQL, Oracle, Firebase (Server-side and Desktop, Linux, and Windows).<\/li>\n\n\n\n<li>Languages: Python, C++, Rust, AI, JS, PHP, Java, .NET (ASP), HTML5\/CSS3, and Visual Basic.<\/li>\n\n\n\n<li>Web Development<\/li>\n\n\n\n<li>E-commerce<\/li>\n<\/ul>\n<\/div>\n\n\n\n<div class=\"wp-block-column is-layout-flow wp-block-column-is-layout-flow\">\n<figure class=\"wp-block-image size-large\"><img decoding=\"async\" src=\"https:\/\/nauvemix.com\/rrpp\/wp-content\/uploads\/business1.jpg\" alt=\"\"\/><\/figure>\n<\/div>\n<\/div>\n\n\n\n<div class=\"wp-block-columns is-layout-flex wp-container-core-columns-is-layout-28f84493 wp-block-columns-is-layout-flex\">\n<div class=\"wp-block-column is-layout-flow wp-block-column-is-layout-flow\">\n<h6 class=\"wp-block-heading\">PROGRAMMING<\/h6>\n\n\n\n<p>Custom programming and systems tailored to your budget.<\/p>\n<\/div>\n\n\n\n<div class=\"wp-block-column is-layout-flow wp-block-column-is-layout-flow\">\n<h6 class=\"wp-block-heading\">TECHNOLOGY<\/h6>\n\n\n\n<p>Available platforms and systems: Proprietary, Open Source, or in-house development.<\/p>\n<\/div>\n<\/div>\n\n\n\n<h3 class=\"wp-block-heading has-text-align-center\">XAE 3.0<\/h3>\n\n\n\n<h5 class=\"wp-block-heading\">Features and Benefits<\/h5>\n\n\n\n<p>System technology for business administration and services, based on web development, servers, and desktop environments.<\/p>\n\n\n\n<p>It integrates administrative systems and services powered by web development and server-side infrastructure. No data loss, no more physical folders, with Internet access from PC or mobile. Strategic business systems analysis.<\/p>\n\n\n\n<p>Your business will benefit from the integration of your systems (up to the contracted amount) across the Internet, servers, emails, social media, and websites\u2014all managed by NAE.<\/p>\n\n\n\n<div class=\"wp-block-columns is-layout-flex wp-container-core-columns-is-layout-28f84493 wp-block-columns-is-layout-flex\">\n<div class=\"wp-block-column is-layout-flow wp-block-column-is-layout-flow\">\n<ul class=\"wp-block-list\">\n<li>Installation and configuration.<\/li>\n\n\n\n<li>Administration and maintenance.<\/li>\n<\/ul>\n<\/div>\n\n\n\n<div class=\"wp-block-column is-layout-flow wp-block-column-is-layout-flow\">\n<figure class=\"wp-block-image aligncenter size-large is-resized\"><img decoding=\"async\" src=\"https:\/\/nauvemix.com\/rrpp\/wp-content\/uploads\/logo_xae-228x228-2.jpg\" alt=\"\" style=\"aspect-ratio:16\/9;object-fit:cover;width:164px;height:auto\"\/><\/figure>\n<\/div>\n<\/div>\n\n\n\n<div class=\"wp-block-columns is-layout-flex wp-container-core-columns-is-layout-28f84493 wp-block-columns-is-layout-flex\">\n<div class=\"wp-block-column is-layout-flow wp-block-column-is-layout-flow\">\n<h6 class=\"wp-block-heading\">SERVER<\/h6>\n\n\n\n<p>Systems and platforms tailored to your specific needs.<\/p>\n<\/div>\n\n\n\n<div class=\"wp-block-column is-layout-flow wp-block-column-is-layout-flow\">\n<h6 class=\"wp-block-heading\">SUPPORT<\/h6>\n\n\n\n<p>No programming or configuration skills required.<\/p>\n<\/div>\n<\/div>\n\n\n\n<h3 class=\"wp-block-heading has-text-align-center\">Projects<\/h3>\n\n\n\n<h5 class=\"wp-block-heading\">Features and Benefits<\/h5>\n\n\n\n<p>A comprehensive team for project planning, design, administration, and control. We provide feasibility research and structural analysis to reach the most beneficial break-even point for the client, ensuring everything from basic tools to full implementation. Is your idea feasible?<\/p>\n\n\n\n<p>Reduce wasted time and money from the start by minimizing environmental uncertainty. Rely on standardized national and international indicators, values, and risk assessment.<\/p>\n\n\n\n<div class=\"wp-block-columns is-layout-flex wp-container-core-columns-is-layout-28f84493 wp-block-columns-is-layout-flex\">\n<div class=\"wp-block-column is-layout-flow wp-block-column-is-layout-flow\">\n<ul class=\"wp-block-list\">\n<li>Planning, direction, and control.<\/li>\n\n\n\n<li>Budgetary administration.<\/li>\n\n\n\n<li>Contract management.<\/li>\n<\/ul>\n<\/div>\n\n\n\n<div class=\"wp-block-column is-layout-flow wp-block-column-is-layout-flow\">\n<figure class=\"wp-block-image size-large\"><img decoding=\"async\" src=\"https:\/\/nauvemix.com\/rrpp\/wp-content\/uploads\/adm-356x200-1.jpg\" alt=\"\"\/><\/figure>\n<\/div>\n<\/div>\n\n\n\n<div class=\"wp-block-columns is-layout-flex wp-container-core-columns-is-layout-28f84493 wp-block-columns-is-layout-flex\">\n<div class=\"wp-block-column is-layout-flow wp-block-column-is-layout-flow\">\n<h6 class=\"wp-block-heading\">ADMINISTRATION<\/h6>\n\n\n\n<p>Reduces costs and project timelines, thereby reflecting superior economic results.<\/p>\n<\/div>\n\n\n\n<div class=\"wp-block-column is-layout-flow wp-block-column-is-layout-flow\">\n<h6 class=\"wp-block-heading\">HUMAN RESOURCES<\/h6>\n\n\n\n<p>Multidisciplinary team with the appropriate skills, personal traits, technical abilities, and knowledge aligned with the contract requirements.<\/p>\n<\/div>\n<\/div>\n\n\n\n<p><\/p>\n\n\n\n<h3 class=\"wp-block-heading has-text-align-center\">Products and Services<\/h3>\n\n\n\n<p class=\"has-text-align-center\">Peter Drucker noted that \u00abInnovation is the specific instrument of entrepreneurship, the act that endows resources with a new capacity to create wealth.\u00bb<\/p>\n\n\n\n<div class=\"wp-block-columns is-layout-flex wp-container-core-columns-is-layout-28f84493 wp-block-columns-is-layout-flex\">\n<div class=\"wp-block-column is-layout-flow wp-block-column-is-layout-flow\">\n<figure class=\"wp-block-image size-large\"><img loading=\"lazy\" decoding=\"async\" width=\"1024\" height=\"576\" src=\"https:\/\/nauvemix.com\/rrpp\/wp-content\/uploads\/business1-1024x576.jpg\" alt=\"\" class=\"wp-image-967\" srcset=\"https:\/\/nauvemix.com\/rrpp\/wp-content\/uploads\/business1-1024x576.jpg 1024w, https:\/\/nauvemix.com\/rrpp\/wp-content\/uploads\/business1-300x169.jpg 300w, https:\/\/nauvemix.com\/rrpp\/wp-content\/uploads\/business1-768x432.jpg 768w, https:\/\/nauvemix.com\/rrpp\/wp-content\/uploads\/business1-1536x864.jpg 1536w, https:\/\/nauvemix.com\/rrpp\/wp-content\/uploads\/business1.jpg 1920w\" sizes=\"auto, (max-width: 1024px) 100vw, 1024px\" \/><\/figure>\n<\/div>\n\n\n\n<div class=\"wp-block-column is-layout-flow wp-block-column-is-layout-flow\">\n<figure class=\"wp-block-image size-large\"><img loading=\"lazy\" decoding=\"async\" width=\"1024\" height=\"576\" src=\"https:\/\/nauvemix.com\/rrpp\/wp-content\/uploads\/slider66-1024x576.jpg\" alt=\"\" class=\"wp-image-974\" srcset=\"https:\/\/nauvemix.com\/rrpp\/wp-content\/uploads\/slider66-1024x576.jpg 1024w, https:\/\/nauvemix.com\/rrpp\/wp-content\/uploads\/slider66-300x169.jpg 300w, https:\/\/nauvemix.com\/rrpp\/wp-content\/uploads\/slider66-768x432.jpg 768w, https:\/\/nauvemix.com\/rrpp\/wp-content\/uploads\/slider66-1536x864.jpg 1536w, https:\/\/nauvemix.com\/rrpp\/wp-content\/uploads\/slider66.jpg 1920w\" sizes=\"auto, (max-width: 1024px) 100vw, 1024px\" \/><\/figure>\n<\/div>\n<\/div>\n\n\n\n<div class=\"wp-block-columns is-layout-flex wp-container-core-columns-is-layout-28f84493 wp-block-columns-is-layout-flex\">\n<div class=\"wp-block-column is-layout-flow wp-block-column-is-layout-flow\">\n<figure class=\"wp-block-image size-large\"><img loading=\"lazy\" decoding=\"async\" width=\"1024\" height=\"576\" src=\"https:\/\/nauvemix.com\/rrpp\/wp-content\/uploads\/tdc4-1024x576.jpg\" alt=\"\" class=\"wp-image-976\" srcset=\"https:\/\/nauvemix.com\/rrpp\/wp-content\/uploads\/tdc4-1024x576.jpg 1024w, https:\/\/nauvemix.com\/rrpp\/wp-content\/uploads\/tdc4-300x169.jpg 300w, https:\/\/nauvemix.com\/rrpp\/wp-content\/uploads\/tdc4-768x432.jpg 768w, https:\/\/nauvemix.com\/rrpp\/wp-content\/uploads\/tdc4-1536x864.jpg 1536w, https:\/\/nauvemix.com\/rrpp\/wp-content\/uploads\/tdc4.jpg 1920w\" sizes=\"auto, (max-width: 1024px) 100vw, 1024px\" \/><\/figure>\n<\/div>\n\n\n\n<div class=\"wp-block-column is-layout-flow wp-block-column-is-layout-flow\">\n<figure class=\"wp-block-image size-large\"><img loading=\"lazy\" decoding=\"async\" width=\"1024\" height=\"576\" src=\"https:\/\/nauvemix.com\/rrpp\/wp-content\/uploads\/trading-1024x576.jpg\" alt=\"\" class=\"wp-image-900\" srcset=\"https:\/\/nauvemix.com\/rrpp\/wp-content\/uploads\/trading-1024x576.jpg 1024w, https:\/\/nauvemix.com\/rrpp\/wp-content\/uploads\/trading-300x169.jpg 300w, https:\/\/nauvemix.com\/rrpp\/wp-content\/uploads\/trading-768x432.jpg 768w, https:\/\/nauvemix.com\/rrpp\/wp-content\/uploads\/trading-1536x864.jpg 1536w, https:\/\/nauvemix.com\/rrpp\/wp-content\/uploads\/trading.jpg 1920w\" sizes=\"auto, (max-width: 1024px) 100vw, 1024px\" \/><\/figure>\n<\/div>\n<\/div>\n\n\n\n<h3 class=\"wp-block-heading has-text-align-center\">Contact Us<\/h3>\n\n\n\n<p class=\"has-text-align-center\">With the Internet spreading like wildfire and reaching every part of our daily lives, more and more traffic is directed toward searching for business information. Stay ahead of your competitors.<\/p>\n\n\n\n<div class=\"wp-block-buttons is-content-justification-center is-layout-flex wp-container-core-buttons-is-layout-a89b3969 wp-block-buttons-is-layout-flex\">\n<div class=\"wp-block-button\"><a class=\"wp-block-button__link has-very-dark-gray-background-color has-background wp-element-button\" href=\"https:\/\/chat.whatsapp.com\/LHofyvGbehcJOngvmC47nn\" style=\"border-radius:10px\" target=\"_blank\" rel=\"noreferrer noopener\">WhatsApp<\/a><\/div>\n<\/div>\n\n\n\n<p><\/p>\n\n\n\n<p><\/p>\n","protected":false},"excerpt":{"rendered":"<p>Applicable to all types of business planning, retail, web, corporations, offices, and personal businesses. Understanding its clients&#8217; needs, NAE markets new resources that bolster corporate success through innovative ideas, methods, and structures. Additionally, we provide new products and services that serve as the primary drivers of organizational and economic growth. SERVICES FOR COMPANIES AND BUSINESSES [&hellip;]<\/p>\n","protected":false},"author":1,"featured_media":793,"parent":0,"menu_order":0,"comment_status":"closed","ping_status":"closed","template":"","meta":{"footnotes":""},"class_list":["post-1912","page","type-page","status-publish","has-post-thumbnail","hentry"],"blocksy_meta":{"styles_descriptor":{"styles":{"desktop":"","tablet":"","mobile":""},"google_fonts":[],"version":6}},"yoast_head":"<!-- This site is optimized with the Yoast SEO plugin v27.4 - https:\/\/yoast.com\/product\/yoast-seo-wordpress\/ -->\n<title>NAUVEMIX Intelligent solutions - Companies<\/title>\n<meta name=\"description\" content=\"Tecnolog\u00eda de sistema en Administraci\u00f3n y servicios para empresas, basado en desarrollo web, servidores y desktop...sistemas y lenguajes programaci\u00f3n\" \/>\n<meta name=\"robots\" content=\"index, follow, max-snippet:-1, max-image-preview:large, max-video-preview:-1\" \/>\n<link rel=\"canonical\" href=\"https:\/\/nauvemix.com\/rrpp\/en\/companies\/\" \/>\n<meta property=\"og:locale\" content=\"es_ES\" \/>\n<meta property=\"og:type\" content=\"article\" \/>\n<meta property=\"og:title\" content=\"NAUVEMIX Intelligent solutions - Companies\" \/>\n<meta property=\"og:description\" content=\"Tecnolog\u00eda de sistema en Administraci\u00f3n y servicios para empresas, basado en desarrollo web, servidores y desktop...sistemas y lenguajes programaci\u00f3n\" \/>\n<meta property=\"og:url\" content=\"https:\/\/nauvemix.com\/rrpp\/en\/companies\/\" \/>\n<meta property=\"og:site_name\" content=\"NAUVEMIX Intelligent solutions\" \/>\n<meta property=\"article:modified_time\" content=\"2026-03-31T23:48:04+00:00\" \/>\n<meta property=\"og:image\" content=\"https:\/\/nauvemix.com\/rrpp\/wp-content\/uploads\/support1.jpg\" \/>\n\t<meta property=\"og:image:width\" content=\"1920\" \/>\n\t<meta property=\"og:image:height\" content=\"1080\" \/>\n\t<meta property=\"og:image:type\" content=\"image\/jpeg\" \/>\n<meta name=\"twitter:card\" content=\"summary_large_image\" \/>\n<meta name=\"twitter:label1\" content=\"Tiempo de lectura\" \/>\n\t<meta name=\"twitter:data1\" content=\"4 minutos\" \/>\n<script type=\"application\/ld+json\" class=\"yoast-schema-graph\">{\"@context\":\"https:\\\/\\\/schema.org\",\"@graph\":[{\"@type\":\"WebPage\",\"@id\":\"https:\\\/\\\/nauvemix.com\\\/rrpp\\\/en\\\/companies\\\/\",\"url\":\"https:\\\/\\\/nauvemix.com\\\/rrpp\\\/en\\\/companies\\\/\",\"name\":\"NAUVEMIX Intelligent solutions - Companies\",\"isPartOf\":{\"@id\":\"https:\\\/\\\/nauvemix.com\\\/rrpp\\\/#website\"},\"primaryImageOfPage\":{\"@id\":\"https:\\\/\\\/nauvemix.com\\\/rrpp\\\/en\\\/companies\\\/#primaryimage\"},\"image\":{\"@id\":\"https:\\\/\\\/nauvemix.com\\\/rrpp\\\/en\\\/companies\\\/#primaryimage\"},\"thumbnailUrl\":\"https:\\\/\\\/nauvemix.com\\\/rrpp\\\/wp-content\\\/uploads\\\/support1.jpg\",\"datePublished\":\"2020-06-25T12:54:04+00:00\",\"dateModified\":\"2026-03-31T23:48:04+00:00\",\"description\":\"Tecnolog\u00eda de sistema en Administraci\u00f3n y servicios para empresas, basado en desarrollo web, servidores y desktop...sistemas y lenguajes programaci\u00f3n\",\"breadcrumb\":{\"@id\":\"https:\\\/\\\/nauvemix.com\\\/rrpp\\\/en\\\/companies\\\/#breadcrumb\"},\"inLanguage\":\"es\",\"potentialAction\":[{\"@type\":\"ReadAction\",\"target\":[\"https:\\\/\\\/nauvemix.com\\\/rrpp\\\/en\\\/companies\\\/\"]}]},{\"@type\":\"ImageObject\",\"inLanguage\":\"es\",\"@id\":\"https:\\\/\\\/nauvemix.com\\\/rrpp\\\/en\\\/companies\\\/#primaryimage\",\"url\":\"https:\\\/\\\/nauvemix.com\\\/rrpp\\\/wp-content\\\/uploads\\\/support1.jpg\",\"contentUrl\":\"https:\\\/\\\/nauvemix.com\\\/rrpp\\\/wp-content\\\/uploads\\\/support1.jpg\",\"width\":1920,\"height\":1080},{\"@type\":\"BreadcrumbList\",\"@id\":\"https:\\\/\\\/nauvemix.com\\\/rrpp\\\/en\\\/companies\\\/#breadcrumb\",\"itemListElement\":[{\"@type\":\"ListItem\",\"position\":1,\"name\":\"Portada\",\"item\":\"https:\\\/\\\/nauvemix.com\\\/rrpp\\\/\"},{\"@type\":\"ListItem\",\"position\":2,\"name\":\"Companies\"}]},{\"@type\":\"WebSite\",\"@id\":\"https:\\\/\\\/nauvemix.com\\\/rrpp\\\/#website\",\"url\":\"https:\\\/\\\/nauvemix.com\\\/rrpp\\\/\",\"name\":\"NAUVEMIX\",\"description\":\"\",\"publisher\":{\"@id\":\"https:\\\/\\\/nauvemix.com\\\/rrpp\\\/#\\\/schema\\\/person\\\/9168ad5e1c79786216aabf940fcedfc9\"},\"alternateName\":\"NAE\",\"potentialAction\":[{\"@type\":\"SearchAction\",\"target\":{\"@type\":\"EntryPoint\",\"urlTemplate\":\"https:\\\/\\\/nauvemix.com\\\/rrpp\\\/?s={search_term_string}\"},\"query-input\":{\"@type\":\"PropertyValueSpecification\",\"valueRequired\":true,\"valueName\":\"search_term_string\"}}],\"inLanguage\":\"es\"},{\"@type\":[\"Person\",\"Organization\"],\"@id\":\"https:\\\/\\\/nauvemix.com\\\/rrpp\\\/#\\\/schema\\\/person\\\/9168ad5e1c79786216aabf940fcedfc9\",\"name\":\"NAUVEMIX\",\"image\":{\"@type\":\"ImageObject\",\"inLanguage\":\"es\",\"@id\":\"https:\\\/\\\/nauvemix.com\\\/rrpp\\\/wp-content\\\/uploads\\\/logo-barra-150.png\",\"url\":\"https:\\\/\\\/nauvemix.com\\\/rrpp\\\/wp-content\\\/uploads\\\/logo-barra-150.png\",\"contentUrl\":\"https:\\\/\\\/nauvemix.com\\\/rrpp\\\/wp-content\\\/uploads\\\/logo-barra-150.png\",\"width\":146,\"height\":70,\"caption\":\"NAUVEMIX\"},\"logo\":{\"@id\":\"https:\\\/\\\/nauvemix.com\\\/rrpp\\\/wp-content\\\/uploads\\\/logo-barra-150.png\"},\"sameAs\":[\"http:\\\/\\\/nauvemix.com\\\/rrpp\",\"https:\\\/\\\/www.instagram.com\\\/serviciosnae\",\"https:\\\/\\\/www.youtube.com\\\/channel\\\/UC-NvCsXlJpHGkuY0noDtZoA\"]}]}<\/script>\n<!-- \/ Yoast SEO plugin. -->","yoast_head_json":{"title":"NAUVEMIX Intelligent solutions - Companies","description":"Tecnolog\u00eda de sistema en Administraci\u00f3n y servicios para empresas, basado en desarrollo web, servidores y desktop...sistemas y lenguajes programaci\u00f3n","robots":{"index":"index","follow":"follow","max-snippet":"max-snippet:-1","max-image-preview":"max-image-preview:large","max-video-preview":"max-video-preview:-1"},"canonical":"https:\/\/nauvemix.com\/rrpp\/en\/companies\/","og_locale":"es_ES","og_type":"article","og_title":"NAUVEMIX Intelligent solutions - Companies","og_description":"Tecnolog\u00eda de sistema en Administraci\u00f3n y servicios para empresas, basado en desarrollo web, servidores y desktop...sistemas y lenguajes programaci\u00f3n","og_url":"https:\/\/nauvemix.com\/rrpp\/en\/companies\/","og_site_name":"NAUVEMIX Intelligent solutions","article_modified_time":"2026-03-31T23:48:04+00:00","og_image":[{"width":1920,"height":1080,"url":"https:\/\/nauvemix.com\/rrpp\/wp-content\/uploads\/support1.jpg","type":"image\/jpeg"}],"twitter_card":"summary_large_image","twitter_misc":{"Tiempo de lectura":"4 minutos"},"schema":{"@context":"https:\/\/schema.org","@graph":[{"@type":"WebPage","@id":"https:\/\/nauvemix.com\/rrpp\/en\/companies\/","url":"https:\/\/nauvemix.com\/rrpp\/en\/companies\/","name":"NAUVEMIX Intelligent solutions - Companies","isPartOf":{"@id":"https:\/\/nauvemix.com\/rrpp\/#website"},"primaryImageOfPage":{"@id":"https:\/\/nauvemix.com\/rrpp\/en\/companies\/#primaryimage"},"image":{"@id":"https:\/\/nauvemix.com\/rrpp\/en\/companies\/#primaryimage"},"thumbnailUrl":"https:\/\/nauvemix.com\/rrpp\/wp-content\/uploads\/support1.jpg","datePublished":"2020-06-25T12:54:04+00:00","dateModified":"2026-03-31T23:48:04+00:00","description":"Tecnolog\u00eda de sistema en Administraci\u00f3n y servicios para empresas, basado en desarrollo web, servidores y desktop...sistemas y lenguajes programaci\u00f3n","breadcrumb":{"@id":"https:\/\/nauvemix.com\/rrpp\/en\/companies\/#breadcrumb"},"inLanguage":"es","potentialAction":[{"@type":"ReadAction","target":["https:\/\/nauvemix.com\/rrpp\/en\/companies\/"]}]},{"@type":"ImageObject","inLanguage":"es","@id":"https:\/\/nauvemix.com\/rrpp\/en\/companies\/#primaryimage","url":"https:\/\/nauvemix.com\/rrpp\/wp-content\/uploads\/support1.jpg","contentUrl":"https:\/\/nauvemix.com\/rrpp\/wp-content\/uploads\/support1.jpg","width":1920,"height":1080},{"@type":"BreadcrumbList","@id":"https:\/\/nauvemix.com\/rrpp\/en\/companies\/#breadcrumb","itemListElement":[{"@type":"ListItem","position":1,"name":"Portada","item":"https:\/\/nauvemix.com\/rrpp\/"},{"@type":"ListItem","position":2,"name":"Companies"}]},{"@type":"WebSite","@id":"https:\/\/nauvemix.com\/rrpp\/#website","url":"https:\/\/nauvemix.com\/rrpp\/","name":"NAUVEMIX","description":"","publisher":{"@id":"https:\/\/nauvemix.com\/rrpp\/#\/schema\/person\/9168ad5e1c79786216aabf940fcedfc9"},"alternateName":"NAE","potentialAction":[{"@type":"SearchAction","target":{"@type":"EntryPoint","urlTemplate":"https:\/\/nauvemix.com\/rrpp\/?s={search_term_string}"},"query-input":{"@type":"PropertyValueSpecification","valueRequired":true,"valueName":"search_term_string"}}],"inLanguage":"es"},{"@type":["Person","Organization"],"@id":"https:\/\/nauvemix.com\/rrpp\/#\/schema\/person\/9168ad5e1c79786216aabf940fcedfc9","name":"NAUVEMIX","image":{"@type":"ImageObject","inLanguage":"es","@id":"https:\/\/nauvemix.com\/rrpp\/wp-content\/uploads\/logo-barra-150.png","url":"https:\/\/nauvemix.com\/rrpp\/wp-content\/uploads\/logo-barra-150.png","contentUrl":"https:\/\/nauvemix.com\/rrpp\/wp-content\/uploads\/logo-barra-150.png","width":146,"height":70,"caption":"NAUVEMIX"},"logo":{"@id":"https:\/\/nauvemix.com\/rrpp\/wp-content\/uploads\/logo-barra-150.png"},"sameAs":["http:\/\/nauvemix.com\/rrpp","https:\/\/www.instagram.com\/serviciosnae","https:\/\/www.youtube.com\/channel\/UC-NvCsXlJpHGkuY0noDtZoA"]}]}},"_links":{"self":[{"href":"https:\/\/nauvemix.com\/rrpp\/wp-json\/wp\/v2\/pages\/1912","targetHints":{"allow":["GET"]}}],"collection":[{"href":"https:\/\/nauvemix.com\/rrpp\/wp-json\/wp\/v2\/pages"}],"about":[{"href":"https:\/\/nauvemix.com\/rrpp\/wp-json\/wp\/v2\/types\/page"}],"author":[{"embeddable":true,"href":"https:\/\/nauvemix.com\/rrpp\/wp-json\/wp\/v2\/users\/1"}],"replies":[{"embeddable":true,"href":"https:\/\/nauvemix.com\/rrpp\/wp-json\/wp\/v2\/comments?post=1912"}],"version-history":[{"count":9,"href":"https:\/\/nauvemix.com\/rrpp\/wp-json\/wp\/v2\/pages\/1912\/revisions"}],"predecessor-version":[{"id":1936,"href":"https:\/\/nauvemix.com\/rrpp\/wp-json\/wp\/v2\/pages\/1912\/revisions\/1936"}],"wp:featuredmedia":[{"embeddable":true,"href":"https:\/\/nauvemix.com\/rrpp\/wp-json\/wp\/v2\/media\/793"}],"wp:attachment":[{"href":"https:\/\/nauvemix.com\/rrpp\/wp-json\/wp\/v2\/media?parent=1912"}],"curies":[{"name":"wp","href":"https:\/\/api.w.org\/{rel}","templated":true}]}}